{"id":1035,"date":"2018-08-29T16:33:02","date_gmt":"2018-08-29T19:33:02","guid":{"rendered":"https:\/\/isfd51-bue.infd.edu.ar\/sitio\/coordinadores-institucionales-de-politicas-estudiantiles\/"},"modified":"2025-12-11T09:16:04","modified_gmt":"2025-12-11T12:16:04","slug":"coordinadores-institucionales-de-politicas-estudiantiles","status":"publish","type":"page","link":"https:\/\/isfd51-bue.infd.edu.ar\/sitio\/coordinadores-institucionales-de-politicas-estudiantiles\/","title":{"rendered":"Coordinadores Institucionales de Pol\u00edticas Estudiantiles"},"content":{"rendered":"<div style=\"text-align: justify;\">\n<p><em><span style=\"font-size: 12pt;\" data-mce-mark=\"1\">Los Coordinadores Institucionales de Pol\u00edticas Estudiantiles (CIPEs) son parte de una estrategia del Instituto Nacional de Formaci\u00f3n Docente del Ministerio de Educaci\u00f3n de la Naci\u00f3n en acuerdo federal con las Jurisdicciones para motorizar y llevar adelante el fortalecimiento de las trayectorias estudiantiles. Tienen un rol central en acompa\u00f1ar la generaci\u00f3n de condiciones institucionales que alienten la participaci\u00f3n de las distintas voces, el di\u00e1logo entre los estudiantes, entre estudiantes y profesores, entre estudiantes y directivos, y tambi\u00e9n en estrechar el v\u00ednculo entre el instituto y el resto de la comunidad.<\/span><\/em><\/p>\n<div style=\"text-align: justify;\"><em><span style=\"font-size: 12pt;\" data-mce-mark=\"1\">En este sentido, los CIPEs conforman el equipo ampliado de Pol\u00edticas Estudiantiles tanto del INFD como de cada Jurisdicci\u00f3n. En esta l\u00f3gica de construcci\u00f3n y en el marco de dichos acuerdos, como la Resoluci\u00f3n del Consejo Federal N\u00b0 188\/12 tenemos como objetivos centrales:<\/span><\/em><\/div>\n<ul style=\"text-align: justify;\">\n<li><em><span style=\"font-size: 12pt;\" data-mce-mark=\"1\">Promover la participaci\u00f3n e involucramiento de los estudiantes en la gesti\u00f3n democr\u00e1tica de las instituciones y en el mejoramiento acad\u00e9mico.<\/span><\/em><\/li>\n<\/ul>\n<ul style=\"text-align: justify;\">\n<li><em><span style=\"font-size: 12pt;\" data-mce-mark=\"1\">Desarrollar proyectos de construcci\u00f3n colectiva con estudiantes y otros actores institucionales en tem\u00e1ticas que promuevan la construcci\u00f3n del sentido \u00e9tico, pol\u00edtico y transformador del docente, la pertenencia institucional y autonom\u00eda.<\/span><\/em><\/li>\n<\/ul>\n<div style=\"text-align: justify;\"><em><span style=\"font-family: HelveticaNeue, 'Helvetica Neue', Helvetica, Arial, 'Lucida Grande', sans-serif; font-size: 12pt;\" data-mce-mark=\"1\">Para poder contactarte con los CIPEs pod\u00e9s escribir al siguiente correo: <span style=\"color: #0000ff;\">pedrocohene@yahoo.com.ar\u00a0<\/span><\/span><\/em><\/div>\n<div>En Sede ES N* 8. Horarios Martes 20:00 hs hasta 21:40 y Mi\u00e9rcoles de 18:00 a 18:50 a y de 20:00 a 21:40hs.<\/div>\n<\/div>\n","protected":false},"excerpt":{"rendered":"<p>Los Coordinadores Institucionales de Pol\u00edticas Estudiantiles (CIPEs) son parte de una estrategia del Instituto Nacional de Formaci\u00f3n Docente del Ministerio de Educaci\u00f3n de la Naci\u00f3n en acuerdo federal con las Jurisdicciones para motorizar y llevar adelante el fortalecimiento de las trayectorias estudiantiles. Tienen un rol central en acompa\u00f1ar la generaci\u00f3n de condiciones institucionales que alienten &#8230; <a title=\"Coordinadores Institucionales de Pol\u00edticas Estudiantiles\" class=\"read-more\" href=\"https:\/\/isfd51-bue.infd.edu.ar\/sitio\/coordinadores-institucionales-de-politicas-estudiantiles\/\" aria-label=\"More on Coordinadores Institucionales de Pol\u00edticas Estudiantiles\">[+]<\/a><\/p>\n","protected":false},"author":2074,"featured_media":0,"parent":0,"menu_order":0,"comment_status":"closed","ping_status":"closed","template":"","meta":[],"acf":[],"_links":{"self":[{"href":"https:\/\/isfd51-bue.infd.edu.ar\/sitio\/wp-json\/wp\/v2\/pages\/1035"}],"collection":[{"href":"https:\/\/isfd51-bue.infd.edu.ar\/sitio\/wp-json\/wp\/v2\/pages"}],"about":[{"href":"https:\/\/isfd51-bue.infd.edu.ar\/sitio\/wp-json\/wp\/v2\/types\/page"}],"author":[{"embeddable":true,"href":"https:\/\/isfd51-bue.infd.edu.ar\/sitio\/wp-json\/wp\/v2\/users\/2074"}],"replies":[{"embeddable":true,"href":"https:\/\/isfd51-bue.infd.edu.ar\/sitio\/wp-json\/wp\/v2\/comments?post=1035"}],"version-history":[{"count":22,"href":"https:\/\/isfd51-bue.infd.edu.ar\/sitio\/wp-json\/wp\/v2\/pages\/1035\/revisions"}],"predecessor-version":[{"id":2863,"href":"https:\/\/isfd51-bue.infd.edu.ar\/sitio\/wp-json\/wp\/v2\/pages\/1035\/revisions\/2863"}],"wp:attachment":[{"href":"https:\/\/isfd51-bue.infd.edu.ar\/sitio\/wp-json\/wp\/v2\/media?parent=1035"}],"curies":[{"name":"wp","href":"https:\/\/api.w.org\/{rel}","templated":true}]}}