{"id":1355,"date":"2020-10-20T01:05:09","date_gmt":"2020-10-20T04:05:09","guid":{"rendered":"https:\/\/isfd51-bue.infd.edu.ar\/sitio\/?page_id=1355"},"modified":"2024-01-15T13:20:47","modified_gmt":"2024-01-15T16:20:47","slug":"profesorado-de-educacion-secundaria-en-lengua-y-literatura-resol-1862-17","status":"publish","type":"page","link":"https:\/\/isfd51-bue.infd.edu.ar\/sitio\/profesorado-de-educacion-secundaria-en-lengua-y-literatura-resol-1862-17\/","title":{"rendered":"PROFESORADO DE EDUCACI\u00d3N SECUNDARIA EN LENGUA Y LITERATURA &#8211; Resol 1862\/17"},"content":{"rendered":"<p><a href=\"https:\/\/drive.google.com\/file\/d\/1uojMRQ89RmhNAPIC52LLhua6KrD5WCdk\/view?usp=sharing\"><em>R\u00e9gimen de Correlatividades<\/em><\/a><\/p>\n<table width=\"470\">\n<tbody>\n<tr>\n<td rowspan=\"2\" width=\"106\">A\u00d1O<\/td>\n<td rowspan=\"2\" width=\"364\">ESPACIO<\/td>\n<\/tr>\n<tr>\n<td><\/td>\n<td><\/td>\n<\/tr>\n<tr>\n<td>1er<\/td>\n<td>PEDAGOG\u00cdA<\/td>\n<\/tr>\n<tr>\n<td><\/td>\n<td>DID\u00c1CTICA GENERAL<\/td>\n<\/tr>\n<tr>\n<td><\/td>\n<td>PROBLEM\u00c1TICA\u00a0 SOCIO INSTITUCIONALES<\/td>\n<\/tr>\n<tr>\n<td><\/td>\n<td>TEOR\u00cdA LITERARIA I<\/td>\n<\/tr>\n<tr>\n<td><\/td>\n<td>HISTORIA DE LA LENGUA ESPA\u00d1OLA<\/td>\n<\/tr>\n<tr>\n<td><\/td>\n<td>LECTURA Y ESCRITURA<\/td>\n<\/tr>\n<tr>\n<td><\/td>\n<td width=\"364\">HISTORIA\u00a0 SOCIAL Y CULTURAL DE LA LITERAT. I<\/td>\n<\/tr>\n<tr>\n<td><\/td>\n<td>LING\u00dc\u00cdSTICA Y GRAM\u00c1TICA I<\/td>\n<\/tr>\n<tr>\n<td><\/td>\n<td width=\"364\">EL TRABAJO DOCENTE: COMPLEJIDADES Y ENTRAM.<\/td>\n<\/tr>\n<tr>\n<td><\/td>\n<td width=\"364\"><\/td>\n<\/tr>\n<tr>\n<td>2do<\/td>\n<td>HISTORIA Y POL\u00cdTICA ARGENTINA<\/td>\n<\/tr>\n<tr>\n<td><\/td>\n<td>ENSE\u00d1AR CON TEGNOLOG\u00cdAS<\/td>\n<\/tr>\n<tr>\n<td><\/td>\n<td>PERSPEC. ACERCA DE LOS SUJETOS DE LA EDUCACI\u00d3N<\/td>\n<\/tr>\n<tr>\n<td><\/td>\n<td width=\"364\">TEOR\u00cdA LITERARIA II<\/td>\n<\/tr>\n<tr>\n<td><\/td>\n<td width=\"364\">SEMI\u00d3TICA<\/td>\n<\/tr>\n<tr>\n<td><\/td>\n<td>HIST. SOCIAL Y CULTURAL DE LA LITERATURA<\/td>\n<\/tr>\n<tr>\n<td><\/td>\n<td>DID\u00c1CTICA DE LA LENGUA Y LA LITERATURA II<\/td>\n<\/tr>\n<tr>\n<td><\/td>\n<td>TALLER DE ALFABETIZACI\u00d3N Y LIT. INFANTIL Y\u00a0 JUVENIL<\/td>\n<\/tr>\n<tr>\n<td><\/td>\n<td>LING\u00dc\u00cdSTICA Y GRAM\u00c1TICA II<\/td>\n<\/tr>\n<tr>\n<td><\/td>\n<td>LA CONST DEL TRABAJO DOCENTE EN LA ESC. SECUND.<\/td>\n<\/tr>\n<tr>\n<td><\/td>\n<td><\/td>\n<\/tr>\n<tr>\n<td>3ro<\/td>\n<td width=\"364\">EDUCACI\u00d3N PARA LA DIVERSIDAD<\/td>\n<\/tr>\n<tr>\n<td><\/td>\n<td>LA EVALUACI\u00d3N DE LOS APRENDIZAJES<\/td>\n<\/tr>\n<tr>\n<td><\/td>\n<td>FILOSOF\u00cdA Y EDUCACI\u00d3N<\/td>\n<\/tr>\n<tr>\n<td><\/td>\n<td>NIVEL 1 DE INGL\u00c9S<\/td>\n<\/tr>\n<tr>\n<td><\/td>\n<td>ORATORIA T RET\u00d3RICA DOCENTE<\/td>\n<\/tr>\n<tr>\n<td><\/td>\n<td>LING\u00dc\u00cdSTICA Y GRAM\u00c1TICA III<\/td>\n<\/tr>\n<tr>\n<td><\/td>\n<td>LITERATURA ESPA\u00d1OLA Y LIT. LATINOAMERICANA<\/td>\n<\/tr>\n<tr>\n<td><\/td>\n<td width=\"364\">PSICOLING\u00dc\u00cdSTICA<\/td>\n<\/tr>\n<tr>\n<td><\/td>\n<td>TEOR\u00cdA LITERARIA III<\/td>\n<\/tr>\n<tr>\n<td><\/td>\n<td>DIDACTICA DE LA LENGUA Y LA LITERATURA II<\/td>\n<\/tr>\n<tr>\n<td><\/td>\n<td>LA CONSTRUCCI\u00d3N DE LA TAREA DOCENTE<\/td>\n<\/tr>\n<tr>\n<td><\/td>\n<td><\/td>\n<\/tr>\n<tr>\n<td>4to<\/td>\n<td>AN\u00c1LISIS E INTERV EN SITUACIONES DE CONV ESCOLAR<\/td>\n<\/tr>\n<tr>\n<td><\/td>\n<td>NIVEL 2 DE INGL\u00c9S<\/td>\n<\/tr>\n<tr>\n<td><\/td>\n<td>TEORIA LITERARIA IV<\/td>\n<\/tr>\n<tr>\n<td><\/td>\n<td>LING\u00dc\u00cdSTICA Y GRAM\u00c1TICA IV<\/td>\n<\/tr>\n<tr>\n<td><\/td>\n<td>HISTORIA SOCIAL Y CULTURAL DE LA LITERATURA IV<\/td>\n<\/tr>\n<tr>\n<td><\/td>\n<td width=\"364\">SOCIOLING\u00dc\u00cdSTICA<\/td>\n<\/tr>\n<tr>\n<td><\/td>\n<td width=\"364\">SICOLINGUISTICA<\/td>\n<\/tr>\n<tr>\n<td><\/td>\n<td>DIDACTICA DE LA LENGUA Y LA LITERATURA III<\/td>\n<\/tr>\n<tr>\n<td><\/td>\n<td width=\"364\">ESPACIO DE DEFINICION INSTITUCIONAL<\/td>\n<\/tr>\n<tr>\n<td><\/td>\n<td>ESPACIO DE LA PRACTICA DOC. IV<\/td>\n<\/tr>\n<\/tbody>\n<\/table>\n","protected":false},"excerpt":{"rendered":"<p>R\u00e9gimen de Correlatividades A\u00d1O ESPACIO 1er PEDAGOG\u00cdA DID\u00c1CTICA GENERAL PROBLEM\u00c1TICA\u00a0 SOCIO INSTITUCIONALES TEOR\u00cdA LITERARIA I HISTORIA DE LA LENGUA ESPA\u00d1OLA LECTURA Y ESCRITURA HISTORIA\u00a0 SOCIAL Y CULTURAL DE LA LITERAT. I LING\u00dc\u00cdSTICA Y GRAM\u00c1TICA I EL TRABAJO DOCENTE: COMPLEJIDADES Y ENTRAM. 2do HISTORIA Y POL\u00cdTICA ARGENTINA ENSE\u00d1AR CON TEGNOLOG\u00cdAS PERSPEC. ACERCA DE LOS SUJETOS DE &#8230; <a title=\"PROFESORADO DE EDUCACI\u00d3N SECUNDARIA EN LENGUA Y LITERATURA &#8211; Resol 1862\/17\" class=\"read-more\" href=\"https:\/\/isfd51-bue.infd.edu.ar\/sitio\/profesorado-de-educacion-secundaria-en-lengua-y-literatura-resol-1862-17\/\" aria-label=\"More on PROFESORADO DE EDUCACI\u00d3N SECUNDARIA EN LENGUA Y LITERATURA &#8211; Resol 1862\/17\">[+]<\/a><\/p>\n","protected":false},"author":195,"featured_media":0,"parent":0,"menu_order":0,"comment_status":"closed","ping_status":"closed","template":"","meta":[],"acf":[],"_links":{"self":[{"href":"https:\/\/isfd51-bue.infd.edu.ar\/sitio\/wp-json\/wp\/v2\/pages\/1355"}],"collection":[{"href":"https:\/\/isfd51-bue.infd.edu.ar\/sitio\/wp-json\/wp\/v2\/pages"}],"about":[{"href":"https:\/\/isfd51-bue.infd.edu.ar\/sitio\/wp-json\/wp\/v2\/types\/page"}],"author":[{"embeddable":true,"href":"https:\/\/isfd51-bue.infd.edu.ar\/sitio\/wp-json\/wp\/v2\/users\/195"}],"replies":[{"embeddable":true,"href":"https:\/\/isfd51-bue.infd.edu.ar\/sitio\/wp-json\/wp\/v2\/comments?post=1355"}],"version-history":[{"count":3,"href":"https:\/\/isfd51-bue.infd.edu.ar\/sitio\/wp-json\/wp\/v2\/pages\/1355\/revisions"}],"predecessor-version":[{"id":2499,"href":"https:\/\/isfd51-bue.infd.edu.ar\/sitio\/wp-json\/wp\/v2\/pages\/1355\/revisions\/2499"}],"wp:attachment":[{"href":"https:\/\/isfd51-bue.infd.edu.ar\/sitio\/wp-json\/wp\/v2\/media?parent=1355"}],"curies":[{"name":"wp","href":"https:\/\/api.w.org\/{rel}","templated":true}]}}