{"id":1747,"date":"2022-02-14T23:49:11","date_gmt":"2022-02-15T02:49:11","guid":{"rendered":"https:\/\/isfd51-bue.infd.edu.ar\/sitio\/?page_id=1747"},"modified":"2026-02-13T10:24:17","modified_gmt":"2026-02-13T13:24:17","slug":"oferta-laboral","status":"publish","type":"page","link":"https:\/\/isfd51-bue.infd.edu.ar\/sitio\/oferta-laboral\/","title":{"rendered":"Oferta Laboral"},"content":{"rendered":"\n<p>2026<\/p>\n\n\n\n<p>13-02-2026<\/p>\n\n\n\n<p> El Colegio Los Robles se encuentra en la b\u00fasqueda de Docentes de Ingl\u00e9s para nivel secundario. Turno tarde. Mandar CV a:<\/p>\n\n\n\n<p>secretariasecundaria@losroblespilar.esc.edu.ar<\/p>\n\n\n\n<p>Buena jornada y \u00e9xitos. <\/p>\n\n\n\n<p>Les comparto oferta Laboral <\/p>\n\n\n\n<figure class=\"wp-block-image size-full\"><img decoding=\"async\" loading=\"lazy\" width=\"1079\" height=\"1457\" src=\"https:\/\/isfd51-bue.infd.edu.ar\/sitio\/wp-content\/uploads\/2026\/02\/Screenshot_20260208_172117_Instagram.jpg\" alt=\"\" class=\"wp-image-2903\" srcset=\"https:\/\/isfd51-bue.infd.edu.ar\/sitio\/wp-content\/uploads\/2026\/02\/Screenshot_20260208_172117_Instagram.jpg 1079w, https:\/\/isfd51-bue.infd.edu.ar\/sitio\/wp-content\/uploads\/2026\/02\/Screenshot_20260208_172117_Instagram-741x1000.jpg 741w, https:\/\/isfd51-bue.infd.edu.ar\/sitio\/wp-content\/uploads\/2026\/02\/Screenshot_20260208_172117_Instagram-768x1037.jpg 768w\" sizes=\"(max-width: 1079px) 100vw, 1079px\" \/><\/figure>\n\n\n\n<p>2023<\/p>\n\n\n\n<p><\/p>\n\n\n\n<p>\u00a1Buenas tardes! Les comparto una b\u00fasqueda.<\/p>\n\n\n\n<p>El colegio Gaud\u00ed, Pilar del este, se encuentra en la b\u00fasqueda de profesores<br>de:<br>Geograf\u00eda 2hs 2do a\u00f1o<br>Biologia 6hs (2, 3 y 4 a\u00f1o)<br>M\u00fasica 2 hs(3er a\u00f1o)<br>Rob\u00f3tica 3hs<br>Nticx 2 hs<br>F\u00edsico-qu\u00edmica 4hs<br>F\u00edsica 2hs<br>para Nivel Secundario, preferentemente con t\u00edtulo habilitante o porcentaje elevado de materias aprobadas<br>Contacto<br>11-15- 5614- 9502<br>Muchas gracias<\/p>\n\n\n\n<p>El Instituto Federico Dickens, de Del Viso, se encuentra en la b\u00fasqueda de docente de Geograf\u00eda para cubrir 10 m\u00f3dulos los d\u00edas lunes y viernes de 7:15 a 12:40, en car\u00e1cter de Suplencia hasta fin de a\u00f1o. Los interesados deber\u00e1n enviar su CV a nivelsecundario@federicodickens.com<\/p>\n\n\n\n<p><\/p>\n\n\n\n<p>\u00a1Buenas tardes!  Les comparto una b\u00fasqueda. <\/p>\n\n\n\n<p>El Colegio Nuestra Se\u00f1ora de Luj\u00e1n, Distrito Pilar, se encuentra en la b\u00fasqueda de profesor de F\u00edsica para Nivel Secundario, preferentemente con t\u00edtulo habilitante o porcentaje elevado de materias aprobadas. <\/p>\n\n\n\n<p>Por favor enviar CV a nivelsecundario@nsdl.edu.ar<\/p>\n\n\n\n<p>Disponibilidad horaria: d\u00eda jueves. Total de horas: 6 horas de 40 minutos.\u00a1<\/p>\n\n\n\n<p>Muchas gracias!<\/p>\n\n\n\n<figure class=\"wp-block-image size-full\"><img decoding=\"async\" loading=\"lazy\" width=\"1080\" height=\"1080\" src=\"https:\/\/isfd51-bue.infd.edu.ar\/sitio\/wp-content\/uploads\/2023\/02\/IMG-20230217-WA0023.jpg\" alt=\"\" class=\"wp-image-2123\" srcset=\"https:\/\/isfd51-bue.infd.edu.ar\/sitio\/wp-content\/uploads\/2023\/02\/IMG-20230217-WA0023.jpg 1080w, https:\/\/isfd51-bue.infd.edu.ar\/sitio\/wp-content\/uploads\/2023\/02\/IMG-20230217-WA0023-1000x1000.jpg 1000w, https:\/\/isfd51-bue.infd.edu.ar\/sitio\/wp-content\/uploads\/2023\/02\/IMG-20230217-WA0023-500x500.jpg 500w, https:\/\/isfd51-bue.infd.edu.ar\/sitio\/wp-content\/uploads\/2023\/02\/IMG-20230217-WA0023-768x768.jpg 768w\" sizes=\"(max-width: 1080px) 100vw, 1080px\" \/><\/figure>\n\n\n\n<p>2022<\/p>\n\n\n\n<p>B\u00fasqueda de docentes de las siguientes \u00e1reas y niveles:<br>Profesoras\/e de Educaci\u00f3n Inicial<br>4 docentes Ingl\u00e9s primaria 1\u00b0 ciclo , 6 m\u00f3dulos cada uno.<br>Preceptores\/as para secundaria<br>Profesor\/a  Observatorio de medios-Secundaria<br>Profesor\/a  F\u00edsico Qu\u00edmica -Secundaria<br>Localidad:<strong> San Miguel<\/strong><br>Comunicarse a: 11-5579-1683<\/p>\n\n\n\n<hr class=\"wp-block-separator has-css-opacity\"\/>\n\n\n\n<p>El Instituto Atl\u00e9tico Pilar, necesita docente para cubrir las siguientes materias:<\/p>\n\n\n\n<ul>\n<li>Fisicoqu\u00edmica<\/li>\n\n\n\n<li>Ingl\u00e9s<\/li>\n<\/ul>\n\n\n\n<p>Interesados contactarse a:<br>&#x1f4f1;1137418375 celular<br>&#x1f4e7; <a href=\"sistemas.atleticopilar@gmail.com\" data-type=\"URL\" data-id=\"sistemas.atleticopilar@gmail.com\">sistemas.atleticopilar@gmail.com<\/a><\/p>\n\n\n\n<p> <\/p>\n\n\n\n<p><\/p>\n\n\n\n<hr class=\"wp-block-separator has-css-opacity\"\/>\n\n\n\n<p>Escuela&nbsp; Argentina Del futuro est\u00e1 en la b\u00fasqueda de:<\/p>\n\n\n\n<ul>\n<li>Profesor\/a de Proy.de Inv.en Cs.Soc.<\/li>\n\n\n\n<li>Profesor\/a de Historia<\/li>\n\n\n\n<li>Profesor\/a de Sociolog\u00eda<\/li>\n<\/ul>\n\n\n\n<p>Interesados\/as enviar CV con disponibilidad horaria <\/p>\n\n\n\n<ul>\n<li><a href=\"mailto:Escuelargentinadelfuturo@gmail.com\">Escuelargentinadelfuturo@gmail.com<\/a> &nbsp;<\/li>\n\n\n\n<li><a href=\"mailto:Direccionprimariaeaf@gmail.com\">Direccionprimariaeaf@gmail.com<\/a> &nbsp;<\/li>\n<\/ul>\n\n\n\n<p><strong>O llamar al 02320-475410<\/strong><\/p>\n\n\n\n<hr class=\"wp-block-separator has-css-opacity\"\/>\n\n\n\n<p>El <strong>Instituto Miguel de Cervantes Saavedra <\/strong>est\u00e1 en la b\u00fasqueda de<\/p>\n\n\n\n<ul>\n<li><strong>Profesor\/a para pr\u00e1cticas del lenguaje de 3er a\u00f1o lunes y viernes de 07:30 a 09:30.<\/strong><\/li>\n<\/ul>\n\n\n\n<p>Interesados favor enviar CV<strong> a <\/strong><a href=\"mailto:direccionsecundaria@imcs.edu.ar\">direccionsecundaria@imcs.edu.ar<\/a><\/p>\n\n\n\n<hr class=\"wp-block-separator has-css-opacity\"\/>\n\n\n\n<p>El <strong>Colegio Nuestra Se\u00f1ora de Luj\u00e1n<\/strong>, Distrito<strong> Pilar<\/strong>, se encuentra en la b\u00fasqueda de: <\/p>\n\n\n\n<p><strong> Profesora de Psicolog\u00eda<\/strong> para Nivel Secundario.<\/p>\n\n\n\n<p>Preferentemente con <strong>t\u00edtulo habilitante o porcentaje elevado de materias aprobadas.<\/strong><\/p>\n\n\n\n<p>Por favor enviar CV a <a href=\"mailto:nivelsecundario@nsdl.edu.ar\">nivelsecundario@nsdl.edu.ar<\/a><\/p>\n\n\n\n<p><strong>Disponibilidad horaria: d\u00eda jueves.<\/strong><\/p>\n\n\n\n<hr class=\"wp-block-separator has-css-opacity\"\/>\n\n\n\n<figure class=\"wp-block-image size-large\"><img decoding=\"async\" loading=\"lazy\" width=\"1080\" height=\"1080\" src=\"https:\/\/isfd51-bue.infd.edu.ar\/sitio\/wp-content\/uploads\/2022\/02\/cb5a05b2-6ca3-44fb-a1b1-432614763819.jpg\" alt=\"\" class=\"wp-image-1757\" srcset=\"https:\/\/isfd51-bue.infd.edu.ar\/sitio\/wp-content\/uploads\/2022\/02\/cb5a05b2-6ca3-44fb-a1b1-432614763819.jpg 1080w, https:\/\/isfd51-bue.infd.edu.ar\/sitio\/wp-content\/uploads\/2022\/02\/cb5a05b2-6ca3-44fb-a1b1-432614763819-1000x1000.jpg 1000w, https:\/\/isfd51-bue.infd.edu.ar\/sitio\/wp-content\/uploads\/2022\/02\/cb5a05b2-6ca3-44fb-a1b1-432614763819-500x500.jpg 500w, https:\/\/isfd51-bue.infd.edu.ar\/sitio\/wp-content\/uploads\/2022\/02\/cb5a05b2-6ca3-44fb-a1b1-432614763819-768x768.jpg 768w\" sizes=\"(max-width: 1080px) 100vw, 1080px\" \/><\/figure>\n\n\n\n<hr class=\"wp-block-separator has-css-opacity\"\/>\n\n\n\n<p>El <strong>Instituto Modelo de Pilar <\/strong>se encuentra en la b\u00fasqueda de docentes para:<\/p>\n\n\n\n<ul>\n<li><strong>Construcci\u00f3n de la ciudadan\u00eda<\/strong><\/li>\n\n\n\n<li><strong>Ingl\u00e9s extraprogram\u00e1tico<\/strong><\/li>\n\n\n\n<li><strong>Preceptor turno ma\u00f1ana<\/strong><\/li>\n<\/ul>\n\n\n\n<p>Se requiere t\u00edtulo af\u00edn al \u00e1rea de conocimiento con experiencia docente.<\/p>\n\n\n\n<p>Recibimos CV en nuestro e-mail:<strong> <a href=\"mailto:secundaria@modelodepilar.edu.ar\">secundaria@modelodepilar.edu.ar<\/a><\/strong><\/p>\n\n\n\n<hr class=\"wp-block-separator has-css-opacity\"\/>\n\n\n\n<figure class=\"wp-block-image size-large\"><img decoding=\"async\" loading=\"lazy\" width=\"1080\" height=\"1080\" src=\"https:\/\/isfd51-bue.infd.edu.ar\/sitio\/wp-content\/uploads\/2022\/02\/3dac573c-99d8-42a5-b634-39cb78db7bcd.jpg\" alt=\"\" class=\"wp-image-1759\" srcset=\"https:\/\/isfd51-bue.infd.edu.ar\/sitio\/wp-content\/uploads\/2022\/02\/3dac573c-99d8-42a5-b634-39cb78db7bcd.jpg 1080w, https:\/\/isfd51-bue.infd.edu.ar\/sitio\/wp-content\/uploads\/2022\/02\/3dac573c-99d8-42a5-b634-39cb78db7bcd-1000x1000.jpg 1000w, https:\/\/isfd51-bue.infd.edu.ar\/sitio\/wp-content\/uploads\/2022\/02\/3dac573c-99d8-42a5-b634-39cb78db7bcd-500x500.jpg 500w, https:\/\/isfd51-bue.infd.edu.ar\/sitio\/wp-content\/uploads\/2022\/02\/3dac573c-99d8-42a5-b634-39cb78db7bcd-768x768.jpg 768w\" sizes=\"(max-width: 1080px) 100vw, 1080px\" \/><\/figure>\n\n\n\n<hr class=\"wp-block-separator has-css-opacity\"\/>\n\n\n\n<p><strong>Escuela &nbsp;Argentina &nbsp;Del futuro<\/strong> est\u00e1 en la b\u00fasqueda de:<\/p>\n\n\n\n<ul>\n<li><strong>Profesor\/a de inform\u00e1tica con conocimientos de programaci\u00f3n y rob\u00f3tica para taller extraprogram\u00e1tico.<\/strong><\/li>\n\n\n\n<li><strong>Profesor\/a de Ciencias &nbsp;Naturales<\/strong>.<\/li>\n<\/ul>\n\n\n\n<p>Interesados\/as enviar CV a:<\/p>\n\n\n\n<p>&nbsp;<a href=\"mailto:Escuelargentinadelfuturo@gmail.com\">Escuelargentinadelfuturo@gmail.com<\/a> &nbsp;<\/p>\n\n\n\n<p><a href=\"mailto:Direccionprimariaeaf@gmail.com\">Direccionprimariaeaf@gmail.com<\/a> &nbsp;<\/p>\n\n\n\n<p>O llamar al <strong>02320-475410<\/strong><\/p>\n\n\n\n<hr class=\"wp-block-separator has-css-opacity\"\/>\n\n\n\n<figure class=\"wp-block-image size-large\"><img decoding=\"async\" loading=\"lazy\" width=\"908\" height=\"1280\" src=\"https:\/\/isfd51-bue.infd.edu.ar\/sitio\/wp-content\/uploads\/2022\/02\/fd84e4a8-6636-4bd6-aae6-142fc949d7de.jpg\" alt=\"\" class=\"wp-image-1760\" srcset=\"https:\/\/isfd51-bue.infd.edu.ar\/sitio\/wp-content\/uploads\/2022\/02\/fd84e4a8-6636-4bd6-aae6-142fc949d7de.jpg 908w, https:\/\/isfd51-bue.infd.edu.ar\/sitio\/wp-content\/uploads\/2022\/02\/fd84e4a8-6636-4bd6-aae6-142fc949d7de-709x1000.jpg 709w, https:\/\/isfd51-bue.infd.edu.ar\/sitio\/wp-content\/uploads\/2022\/02\/fd84e4a8-6636-4bd6-aae6-142fc949d7de-768x1083.jpg 768w\" sizes=\"(max-width: 908px) 100vw, 908px\" \/><\/figure>\n\n\n\n<hr class=\"wp-block-separator has-css-opacity\"\/>\n\n\n\n<p>El <strong>Colegio Nuestra Se\u00f1ora de Luj\u00e1n,<\/strong> Distrito Pilar, se encuentra en la b\u00fasqueda de<\/p>\n\n\n\n<ul>\n<li><strong>Profesor de Proyecto de la investigaci\u00f3n en Ciencias Sociales<\/strong> para Nivel Secundario.<\/li>\n<\/ul>\n\n\n\n<p>Preferentemente<strong> con t\u00edtulo habilitante o porcentaje elevado de materias aprobadas.<\/strong><\/p>\n\n\n\n<p>Por favor enviar CV a <a href=\"mailto:nivelsecundario@nsdl.edu.ar\">nivelsecundario@nsdl.edu.ar<\/a><\/p>\n\n\n\n<p>Disponibilidad horaria: <strong>d\u00edas lunes y mi\u00e9rcoles.<\/strong><\/p>\n\n\n\n<p>Total de horas: 6 horas de 40 minutos.<\/p>\n","protected":false},"excerpt":{"rendered":"<p>2026 13-02-2026 El Colegio Los Robles se encuentra en la b\u00fasqueda de Docentes de Ingl\u00e9s para nivel secundario. Turno tarde. Mandar CV a: secretariasecundaria@losroblespilar.esc.edu.ar Buena jornada y \u00e9xitos. Les comparto oferta Laboral 2023 \u00a1Buenas tardes! Les comparto una b\u00fasqueda. El colegio Gaud\u00ed, Pilar del este, se encuentra en la b\u00fasqueda de profesoresde:Geograf\u00eda 2hs 2do a\u00f1oBiologia &#8230; <a title=\"Oferta Laboral\" class=\"read-more\" href=\"https:\/\/isfd51-bue.infd.edu.ar\/sitio\/oferta-laboral\/\" aria-label=\"More on Oferta Laboral\">[+]<\/a><\/p>\n","protected":false},"author":2822,"featured_media":0,"parent":0,"menu_order":0,"comment_status":"closed","ping_status":"closed","template":"","meta":[],"acf":[],"_links":{"self":[{"href":"https:\/\/isfd51-bue.infd.edu.ar\/sitio\/wp-json\/wp\/v2\/pages\/1747"}],"collection":[{"href":"https:\/\/isfd51-bue.infd.edu.ar\/sitio\/wp-json\/wp\/v2\/pages"}],"about":[{"href":"https:\/\/isfd51-bue.infd.edu.ar\/sitio\/wp-json\/wp\/v2\/types\/page"}],"author":[{"embeddable":true,"href":"https:\/\/isfd51-bue.infd.edu.ar\/sitio\/wp-json\/wp\/v2\/users\/2822"}],"replies":[{"embeddable":true,"href":"https:\/\/isfd51-bue.infd.edu.ar\/sitio\/wp-json\/wp\/v2\/comments?post=1747"}],"version-history":[{"count":14,"href":"https:\/\/isfd51-bue.infd.edu.ar\/sitio\/wp-json\/wp\/v2\/pages\/1747\/revisions"}],"predecessor-version":[{"id":2912,"href":"https:\/\/isfd51-bue.infd.edu.ar\/sitio\/wp-json\/wp\/v2\/pages\/1747\/revisions\/2912"}],"wp:attachment":[{"href":"https:\/\/isfd51-bue.infd.edu.ar\/sitio\/wp-json\/wp\/v2\/media?parent=1747"}],"curies":[{"name":"wp","href":"https:\/\/api.w.org\/{rel}","templated":true}]}}